common factor of 2596 and 3256?
44
What is the greatest common factor of 3928 and 296?
8
What is the highest common factor of 2140 and 23326?
214
Calculate the greatest common divisor of 15 and 391449.
3
What is the highest common factor of 127362 and 18?
6
What is the highest common factor of 188 and 10195428?
188
What is the greatest common factor of 35960 and 46980?
580
Calculate the greatest common divisor of 75469 and 7408.
463
What is the greatest common factor of 1530 and 327474?
18
What is the highest common factor of 141600 and 15?
15
Calculate the highest common divisor of 59904 and 2574.
234
Calculate the greatest common factor of 6765 and 64042.
451
What is the highest common divisor of 10278 and 36?
18
Calculate the highest common divisor of 1316 and 19537.
7
What is the highest common factor of 77 and 12221?
11
Calculate the greatest common factor of 3195 and 2655.
45
Calculate the highest common factor of 671 and 1727.
11
Calculate the highest common factor of 34 and 299081.
17
Calculate the greatest common factor of 267 and 79388.
89
Calculate the greatest common divisor of 41850 and 3906.
558
Calculate the greatest common divisor of 14579 and 2806.
61
What is the highest common factor of 153 and 11832?
51
Calculate the greatest common factor of 236014 and 1779.
593
What is the highest common factor of 439984 and 8560?
1712
What is the greatest common factor of 2128 and 1520?
304
What is the highest common divisor of 1950 and 5694?
78
Calculate the highest common factor of 169 and 58513.
13
What is the highest common factor of 163 and 18093?
163
What is the greatest common factor of 6 and 18882?
6
Calculate the greatest common divisor of 3143 and 441.
7
Calculate the highest common factor of 1174 and 8.
2
What is the highest common divisor of 4371 and 19902?
93
What is the highest common factor of 94 and 1269?
47
What is the greatest common divisor of 7416 and 371727?
927
Calculate the highest common divisor of 8544 and 52512.
96
Calculate the greatest common factor of 294 and 91042.
98
What is the greatest common factor of 2743 and 169?
13
What is the greatest common factor of 80 and 165080?
40
Calculate the highest common factor of 21 and 1088003.
7
Calculate the greatest common factor of 84 and 155196.
12
What is the greatest common factor of 6864 and 702?
78
What is the greatest common factor of 813 and 825?
3
Calculate the greatest common factor of 18 and 1953.
9
What is the greatest common factor of 10526 and 38?
38
Calculate the highest common divisor of 16 and 1943024.
16
What is the highest common divisor of 313555 and 165?
55
What is the greatest common factor of 124764 and 296?
148
Calculate the greatest common divisor of 1967661 and 18.
9
What is the greatest common divisor of 2637 and 15529?
293
What is the highest common divisor of 39221 and 21?
7
Calculate the highest common factor of 312 and 8868.
12
Calculate the highest common divisor of 25 and 3285325.
25
Calculate the highest common divisor of 1449 and 68517.
207
What is the greatest common divisor of 4344751 and 58?
29
Calculate the highest common divisor of 15 and 3840.
15
Calculate the greatest common factor of 40724 and 16.
4
What is the highest common divisor of 2 and 15774?
2
What is the highest common factor of 88028 and 48?
4
What is the highest common factor of 62784 and 51448?
872
Calculate the greatest common divisor of 3540 and 3955360.
1180
Calculate the highest common divisor of 3071328 and 736.
736
What is the greatest common factor of 609505 and 260?
65
What is the highest common divisor of 72764 and 28?
4
Calculate the greatest common factor of 15822 and 144.
18
Calculate the highest common divisor of 107158 and 1310.
262
What is the highest common factor of 156012 and 1500?
12
What is the greatest common divisor of 36423 and 1728?
27
Calculate the greatest common divisor of 190 and 460294.
38
What is the greatest common divisor of 3244 and 76?
4
Calculate the greatest common factor of 35 and 4805.
5
Calculate the highest common divisor of 434061 and 17.
17
Calculate the greatest common factor of 69713 and 3542.
161
Calculate the highest common divisor of 45 and 3544821.
9
What is the greatest common divisor of 16146 and 19136?
598
Calculate the greatest common factor of 9681 and 21.
21
What is the highest common divisor of 14550 and 300?
150
Calculate the highest common divisor of 117 and 1387893.
39
What is the highest common factor of 550 and 4774?
22
What is the highest common divisor of 24610 and 2782?
214
Calculate the greatest common divisor of 654725 and 25.
25
Calculate the highest common divisor of 1875 and 1575.
75
Calculate the greatest common factor of 112193 and 151.
151
What is the greatest common divisor of 6 and 479604?
6
What is the greatest common divisor of 23875 and 1250?
125
What is the highest common divisor of 192985 and 2860?
65
What is the greatest common divisor of 156 and 6656?
52
What is the greatest common divisor of 3050 and 23485?
305
Calculate the highest common divisor of 124 and 1756.
4
What is the greatest common factor of 73236 and 1212?
12
What is the greatest common divisor of 640 and 809920?
320
What is the highest common divisor of 130989 and 3149?
47
What is the greatest common factor of 86913 and 3393?
261
What is the greatest common factor of 1485515 and 152?
19
Calculate the greatest common factor of 13842 and 27.
9
What is the highest common divisor of 1113 and 15211?
371
Calculate the greatest common divisor of 25458 and 6.
6
Calculate the greatest common divisor of 197104 and 32.
16
Calculate the highest common factor of 94732 and 176.
44
What is the highest common factor of 8979 and 1353?
123
Calculate the greatest common factor of 63 and 128358.
9
Calculate the greatest common divisor of 160822 and 9262.
842
What is the greatest common factor of 96763 and 1?
1
Calculate the greatest common divisor of 12 and 217614.
6
What is the greatest common factor of 141 and 4277?
47
Calculate the greatest common divisor of 12 and 1237.
1
Calculate the greatest common factor of 9 and 187485.
3
What is the greatest common factor of 28 and 4062380?
28
Calculate the greatest common factor of 199305 and 129.
129
Calculate the highest common divisor of 67496 and 44.
44
Calculate the greatest common factor of 9638 and 553.
79
Calculate the highest common factor of 1211 and 41347.
173
What is the highest common factor of 755 and 3320188?
151
What is the highest common divisor of 9399 and 5226?
39
What is the greatest common factor of 9632 and 48928?
32
Calculate the greatest common divisor of 124 and 755036.
124
What is the greatest common divisor of 1435 and 13120?
205
Calculate the greatest common factor of 12932 and 5724.
212
What is the highest common factor of 202089 and 41?
41
Calculate the greatest common factor of 6896229 and 261.
87
What is the highest common factor of 684 and 10716?
228
What is the greatest common factor of 16199 and 3006?
167
Calculate the greatest common factor of 99 and 348813.
9
Calculate the greatest common divisor of 849393 and 163.
163
What is the greatest common factor of 9979 and 11?
1
Calculate the highest common factor of 24136 and 896.
56
Calculate the greatest common divisor of 45 and 25983.
9
What is the greatest common factor of 435477 and 534?
267
What is the greatest common divisor of 1407826 and 14?
14
Calculate the greatest common divisor of 316 and 111943.
79
What is the greatest common factor of 209 and 19602?
11
What is the greatest common divisor of 29479 and 4264?
41
What is the highest common factor of 45605 and 280?
35
Calculate the greatest common divisor of 1844 and 908.
4
Calculate the highest common divisor of 186 and 33232.
62
Calculate the greatest common factor of 2458166 and 1576.
394
Calculate the highest common factor of 133320 and 18685.
505
What is the highest common divisor of 70 and 66325?
35
Calculate the highest common factor of 92 and 13961.
23
Calculate the greatest common factor of 25836 and 48.
12
What is the highest common factor of 63830 and 130?
130
Calculate the greatest common factor of 742 and 8498.
14
What is the highest common divisor of 218321 and 53409?
937
What is the greatest common divisor of 4042441 and 1339?
1339
What is